3
What is the thousands digit of 24595602?
5
What is the tens digit of 53235?
3
What is the tens digit of 416413?
1
What is the thousands digit of 639780?
9
What is the thousands digit of 4277216?
7
What is the millions digit of 5201226?
5
What is the hundreds digit of 757098?
0
What is the thousands digit of 83962?
3
What is the thousands digit of 2269480?
9
What is the millions digit of 25028715?
5
What is the units digit of 13448711?
1
What is the hundred thousands digit of 175337?
1
What is the hundreds digit of 1242172?
1
What is the thousands digit of 814116?
4
What is the tens digit of 114862?
6
What is the thousands digit of 19828?
9
What is the hundreds digit of 10270861?
8
What is the ten thousands digit of 139227?
3
What is the hundred thousands digit of 28150800?
1
What is the units digit of 2465300?
0
What is the hundreds digit of 1294517?
5
What is the thousands digit of 3166198?
6
What is the millions digit of 4596552?
4
What is the thousands digit of 396815?
6
What is the hundred thousands digit of 1958730?
9
What is the ten thousands digit of 29977920?
7
What is the millions digit of 1837657?
1
What is the hundred thousands digit of 1022761?
0
What is the ten thousands digit of 12348424?
4
What is the thousands digit of 272467?
2
What is the tens digit of 581105?
0
What is the thousands digit of 2544448?
4
What is the units digit of 1877627?
7
What is the units digit of 397521?
1
What is the hundreds digit of 2660110?
1
What is the ten thousands digit of 5047036?
4
What is the units digit of 2789396?
6
What is the ten thousands digit of 300001?
0
What is the units digit of 868087?
7
What is the millions digit of 2051945?
2
What is the thousands digit of 999529?
9
What is the thousands digit of 372568?
2
What is the millions digit of 7851109?
7
What is the hundreds digit of 2908574?
5
What is the units digit of 2172281?
1
What is the thousands digit of 1271718?
1
What is the hundred thousands digit of 922570?
9
What is the units digit of 689133?
3
What is the ten thousands digit of 375459?
7
What is the tens digit of 2406426?
2
What is the ten thousands digit of 196540?
9
What is the millions digit of 6575106?
6
What is the units digit of 312674?
4
What is the hundred thousands digit of 1701234?
7
What is the ten thousands digit of 540294?
4
What is the ten thousands digit of 874523?
7
What is the tens digit of 67663?
6
What is the ten thousands digit of 15123?
1
What is the tens digit of 6268052?
5
What is the thousands digit of 497525?
7
What is the units digit of 325588?
8
What is the hundred thousands digit of 2444440?
4
What is the units digit of 1018077?
7
What is the thousands digit of 2255521?
5
What is the thousands digit of 132315?
2
What is the millions digit of 3986487?
3
What is the units digit of 3412479?
9
What is the hundreds digit of 8249588?
5
What is the ten thousands digit of 32071059?
7
What is the ten thousands digit of 65556?
6
What is the millions digit of 8265902?
8
What is the thousands digit of 418138?
8
What is the thousands digit of 408344?
8
What is the hundred thousands digit of 1094363?
0
What is the ten thousands digit of 49821?
4
What is the ten thousands digit of 5699202?
9
What is the hundred thousands digit of 683009?
6
What is the tens digit of 2275989?
8
What is the tens digit of 2254481?
8
What is the thousands digit of 50231?
0
What is the units digit of 17327292?
2
What is the thousands digit of 5509547?
9
What is the ten thousands digit of 204044?
0
What is the thousands digit of 225969?
5
What is the tens digit of 311423?
2
What is the hundred thousands digit of 4311681?
3
What is the ten thousands digit of 856671?
5
What is the hundred thousands digit of 1549978?
5
What is the tens digit of 11540591?
9
What is the millions digit of 1418020?
1
What is the thousands digit of 280286?
0
What is the tens digit of 417612?
1
What is the thousands digit of 124192?
4
What is the units digit of 4309340?
0
What is the ten thousands digit of 303596?
0
What is the hundred thousands digit of 337052?
3
What is the units digit of 2974057?
7
What is the ten thousands digit of 5944825?
4
What is the millions digit of 1966964?
1
What is the tens digit of 2891894?
9
What is the units digit of 389065?
5
What is the ten thousands digit of 7787415?
8
What is the hundreds digit of 368767?
7
What is the thousands digit of 10319?
0
What is the thousands digit of 613373?
3
What is the millions digit of 1160247?
1
What is the ten thousands digit of 16415556?
1
What is the hundreds digit of 7000756?
7
What is the hundred thousands digit of 1195577?
1
What is the ten thousands digit of 3780048?
8
What is the thousands digit of 433998?
3
What is the hundreds digit of 2579218?
2
What is the hundreds digit of 1901740?
7
What is the hundred thousands digit of 17461732?
4
What is the millions digit of 4690817?
4
What is the hundreds digit of 106977?
9
What is the units digit of 30237?
7
What is the units digit of 753031?
1
What is the units digit of 4847524?
4
What is the ten millions digit of 12574828?
1
What is the thousands digit of 1190345?
0
What is the ten thousands digit of 2964488?
6
What is the thousands digit of 99396?
9
What is the hundred thousands digit of 4000333?
0
What is the units digit of 1380082?
2
What is the hundreds digit of 982110?
1
What is the tens digit of 708743?
4
What is the thousands digit of 4023505?
3
What is the thousands digit of 265917?
5
What is the thousands digit of 903020?
3
What is the thousands digit of 1317312?
7
What is the hundreds digit of 985495?
4
What is the millions digit of 5510135?
5
What is the hundred thousands digit of 329399?
3
What is the tens digit of 8231651?
5
What is the millions digit of 20491834?
0
What is the hundred thousands digit of 8122763?
1
What is the ten thousands digit of 6696651?
9
What is the ten thousands digit of 8687196?
8
What is the ten thousands digit of 6499338?
9
What is the hundreds digit of 478584?
5
What is the thousands digit of 5814280?
4
What is the millions digit of 1726672?
1
What is the hundred thousands digit of 5620235?
6
What is the ten thousands digit of 1017359?
1
What is the units digit of 495890?
0
What is the thousands digit of 240570?
0
What is the thousands digit of 12094?
2
What is the tens digit of 889584?
8
What is the hundreds digit of 110964?
9
What is the hundred thousands digit of 203395?
2
What is the units digit of 1581794?
4
What is the hundreds digit of 4771617?
6
What is the units digit of 711857?
7
What is the units digit of 402259?
9
What is the millions digit of 3115778?
3
What is the tens digit of 8066?
6
What is the hundreds digit of 327524?
5
What is the millions digit of 22322896?
2
What is the units digit of 17180445?
5
What is the hundred thousands digit of 1099185?
0
What is the hundred thousands digit of 1162886?
1
What is the ten thousands digit of 604299?
0
What is the hundreds digit of 1298142?
1
What is the tens digit of 2091793?
9
What is the thousands digit of 2197574?
7
What is the units digit of 338289?
9
What is the ten thousands digit of 359205?
5
What is the units digit of 33504948?
8
What is the tens digit of 1420364?
6
What is the thousands digit of 10531215?
1
What is the ten thousands digit of 44256?
4
What is the thousands digit of 90039?
0
What is the ten millions digit of 18474250?
1
What is the hundred thousands digit of 2848250?
8
What is the thousands digit of 25941?
5
What is the tens digit of 581769?
6
What is the units digit of 5838517?
7
What is the tens digit of 397804?
0
What is the tens digit of 21985558?
5
What is the ten thousands digit of 6595973?
9
What is the tens digit of 23334128?
2
What is the millions digit of 2164678?
2
What is the tens digit of 524783?
8
What is the tens digit of 583967?
6
What is the hundreds digit of 16579866?
8
What is the hundreds digit of 1184201?
2
What is the tens digit of 62175?
7
What is the tens digit of 202421?
2
What is the ten thousands digit of 1983807?
8
What is the hundred thousands digit of 5777168?
7
What is the hundred thousands digit of 1990634?
9
What is the ten thousands digit of 158102?
5
What is the hundreds digit of 369132?
1
What is the millions digit of 29432451?
9
What is the hundred thousands digit of 338847